 Determine p(x).
-12
Let j(o) = -7*o - 2. Let k(n) = -n - 1. Let m(w) = j(w) - 6*k(w). Determine m(6).
-2
Suppose -q = -3*q - 8. Let r(g) be the first derivative of g**3/3 + 5*g**2/2 + 2. What is r(q)?
-4
Let d = -104 + 105. Let t(r) = r - 1. Determine t(d).
0
Let i(z) be the third derivative of z**4/12 + 2*z**3/3 + 10*z**2. Let j be 2 - (-6)/((-3)/(-1)). Calculate i(j).
12
Let j(y) be the third derivative of y**7/1680 + y**5/60 + 3*y**2. Let i(v) be the third derivative of j(v). What is i(-2)?
-6
Suppose 5*c + 3*a = -10, 4*a - 10 = -2*c - 0*a. Let s(w) = -w**2 - 7*w - 3. Calculate s(c).
7
Let h(y) = -y + 0*y + 2*y + 0 - 3. Suppose -4*o + 16 = -0*o. Suppose 3*r + 2*p = 8, 0*r = -5*r + o*p + 28. Calculate h(r).
1
Let d = -18 + 8. Let l be 2/d - 42/15. Let z(b) = -b**3 - 3*b**2 + b - 3. What is z(l)?
-6
Let u(c) = c + 2. Let g be u(-6). Let l be (6/g)/((-15)/10). Let h(j) = -4*j**3 - j**2 + 1. Give h(l).
-4
Let a(n) be the third derivative of -n**9/60480 + n**8/10080 + n**6/240 - n**5/30 + 3*n**2. Let q(o) be the third derivative of a(o). Let r = 4 - 1. Give q(r).
-6
Let h(m) be the third derivative of -m**4/24 + 7*m**3/6 + m**2. Let c(j) = -8 + 7*j**2 + 4*j**3 - 2*j - 3*j**3 - 1. Let n be c(-7). Calculate h(n).
2
Let f(s) = -15*s**3 + 8*s**2 - 6*s - 19. Let m(o) = 7*o**3 - 4*o**2 + 3*o + 9. Let j(u) = 6*f(u) + 13*m(u). Calculate j(3).
3
Let a(l) = 4*l + l**3 + 9*l**2 + 8 - 10*l - 14*l**2. Give a(6).
8
Let y(j) = -j**2 - 3*j + 4. Let i(m) = m**3 + 3*m**2 + 2*m + 3. Let t be i(-2). Suppose 3*v - 5 = -2*v. Let o be t*(-2 + v) - 1. Calculate y(o).
0
Let l(c) = -c**3 + c**2. Let w(x) = -5*x**3 - x**2 - 5*x + 6. Let i(y) = y**3 + y**2. Let q(t) = -6*i(t) - w(t). Let z(b) = 2*l(b) - q(b). Give z(6).
12
Let t = 1 + 1. Let y(f) = 3*f**3 + 3*f**2 + 2*f + 4. Let i(a) = 2*a**3 + 3*a**2 + a + 3. Let b(x) = 4*i(x) - 3*y(x). What is b(t)?
0
Let q(r) = 8*r**3 + r**2 + r - 1. Suppose 5*c = 4*k - k + 22, 15 = 3*c. What is q(k)?
9
Let p = -205 - -209. Let b(u) = u - 5. What is b(p)?
-1
Let z(m) = -3*m - 2. Suppose 8 - 2 = -3*h. What is z(h)?
4
Let y(i) = -i**3 + 3*i**2 + 7*i - 10. Let w be y(4). Let h(m) be the second derivative of -1/2*m**2 - 1/6*m**3 + 0 - w*m. Give h(5).
-6
Suppose 2*q = 5*q - 6. Let g(d) = 2*d**3 + q - 3*d**3 - 5*d**2 + 0*d**3 - 2*d. Let m(y) = -y**2 - y + 2. Let j be m(-3). Calculate g(j).
-6
Let h be (-84)/12 - (-1 - 0). Let q(u) = u + 1. Let z(r) = -r - 1. Let w(c) = h*q(c) - 5*z(c). What is w(-2)?
1
Let v = 19 + -10. Suppose -2*k + 5*k = -v. Let o(r) = r**3 + 2*r**2 - 4*r + 1. Give o(k).
4
Let v = 0 + 1. Let h be 2 + 2 - 0 - v. Let w(q) = -q**3 + 3*q**2 - 2*q. What is w(h)?
-6
Let r(m) = m**3 - 1 + 5*m**2 + 2*m - m + 3*m**3 - 5*m**3. Let l(s) = -s**2 - 4*s**2 + s + 5 - s**3 + 5*s. Let p be l(-6). What is r(p)?
4
Suppose 4*p - u + 23 = 4*u, 2*u = 5*p + 16. Let y be (-10)/(-6) + p/3. Let q(o) = -2*o - 2*o + 0*o**3 - 4*o**2 - y - o**3. Give q(-3).
2
Let o(x) = 2*x**2 - 23*x + 17. Let f be o(11). Let w(t) = -t**3 + 7*t**2 - 8*t + 7. Calculate w(f).
-5
Suppose 0 = -g + 3*l - 1, l = 4*g - 0*l - 7. Let p(w) = -9 + w + 1 + g. Give p(0).
-6
Let b = -3 + 2. Let s be (0/b + 0)/(-2). Let u(h) be the second derivative of -h**5/20 - h**4/12 - h**3/6 - 3*h**2 - 9*h. Calculate u(s).
-6
Let q = 1 + -7. Let i = q - -4. Let y be i/(-6) + 1/(-3). Let d(a) = -a**2 - 8. Determine d(y).
-8
Suppose -5*p - 2*m + 6*m = 50, -1 = p + m. Let i(j) = -j**3 - 7*j**2 - 6*j + 2. Determine i(p).
2
Let y = -8981/12 + 749. Let q(x) be the second derivative of -3*x + 1/2*x**2 - 1/20*x**5 - 7/6*x**3 - y*x**4 + 0. Determine q(-5).
-14
Let r(y) = -y**2 - 5*y. Let d(q) = -q + 2. Let h be d(-4). Let g be (-3)/4*-4 - h. What is r(g)?
6
Let p(c) = -c**2 + c - 1. Suppose -4*b = 1 - 5. Let s be ((-1)/3*0)/b. What is p(s)?
-1
Suppose -3*v = -v - 6. Suppose -2 + 8 = 3*s - v*q, -5*q + 18 = -s. Let m(t) = t + 4 - 3 - s + t**2. Give m(0).
-6
Let v(r) = -r. Let x(i) = 5*i - 4. Let k(f) = -2*v(f) - x(f). Let s = 5 - 1. What is k(s)?
-8
Let p(c) = 6*c - 11. Let a(z) = -z + 16. Let d(y) = 2. Let x(v) = -2*a(v) + 14*d(v). Let n(g) = -3*p(g) + 8*x(g). Calculate n(1).
-1
Let c(o) = o**3 - 6*o**2 + 3*o - 6. Let i(t) = -t**3 + 9*t**2 + 5. Let x be i(9). Give c(x).
-16
Let x(d) = -3*d + 19. Let g be x(8). Let p(j) = -j**2 - 3*j + 3. Calculate p(g).
-7
Suppose 2*r - 26 = -4*f, 3*f - 40 = -5*r - 2*f. Suppose l + 2*c + 2 = c, -7 = r*l + 4*c. Let b(v) = -11*v**2 - 2*v - 1. Calculate b(l).
-10
Let t be (-16)/(-2)*(-21)/(-12). Let b be (-24)/14 + (-4)/t. Let p(z) = 3*z + z**3 + 8*z + 8*z + 2 - 17*z. Calculate p(b).
-10
Let q(w) = -3*w - 4. Let l(n) = 6*n + 8. Let i(r) = 6*l(r) + 11*q(r). Let x(t) = t**2 + 5*t + 3. Let d be x(-3). Calculate i(d).
-5
Let t(m) = 2*m - 1. Let a be t(-2). Let r = a + 8. Let y(n) be the second derivative of -n**3/6 - n**2 - 3*n. Calculate y(r).
-5
Let m be (10 + -1)*(-4)/(-6). Let g(d) = 6*d**2 - 10*d - 5. Let o(p) = -7*p**2 + 11*p + 5. Let q(k) = m*g(k) + 5*o(k). What is q(6)?
1
Let x(p) = -2*p**3 - 4*p**2 + 8*p + 9. Let d(s) = s**3 - s**2 + s. Let c(t) = -d(t) - x(t). Determine c(-6).
9
Let i(x) = 2*x + 26*x**2 - 13*x**2 - 16*x**2. What is i(2)?
-8
Let b(l) = l**2 - 6*l + 9. Suppose 2*k = -2*k + 3*f + 18, 6 = 3*f. Calculate b(k).
9
Let m be (-2)/8 + (-54)/(-24). Let c(v) = -v**m - 4*v + 5 + v**2 - v**2. Give c(-5).
0
Suppose 218 = 12*s + 38. Suppose 2*o = -0*o + 6. Suppose 5*t + o*j = -j + s, -4*t - 5*j = -12. Let i(d) = d**2 - 4*d. Determine i(t).
-3
Let k(i) be the second derivative of 0 + 2/3*i**3 + 5/12*i**4 + 1/20*i**5 + i**2 + 5*i. Calculate k(-3).
8
Let r(i) = 4*i + 2 - 6 + 10. Suppose -w - 12 = 3*u, 3*u = 5*u + 4*w + 8. Determine r(u).
-10
Let l(d) = 8*d - 1. Let g(n) = 4*n - 7. Let a be g(3). Let k(f) = f. Let h be k(2). Suppose -3*c + a*c - h = 0. Give l(c).
7
Let s(q) = q + 2. Let c be s(-6). Let u(g) = -g - 4. Let h be u(c). Let x(y) = y + 6. Determine x(h).
6
Let o(t) = t**3 - 13*t + 20*t - 7*t**2 + 3 + 0*t**2. Calculate o(6).
9
Let m be 1/2 - 2/(-4). Let y(u) = -2*u + 3. Let l be y(-2). Let b(g) = 4*g**3 - 5*g**3 + 2*g**2 + l*g**3 - 1. Calculate b(m).
7
Suppose 2*p + 2*p + 8 = -4*x, -x = 2*p - 1. Let a(g) = g**p - g**2 - 1 + 6*g - 3*g - 4 - 4*g**2. Determine a(4).
-9
Let d = 106 - 317/3. Let a(y) be the first derivative of -3 + d*y**3 + 2*y - 5/2*y**2. What is a(3)?
-4
Let l(y) = -y**2 + 3*y + 4. Let s be l(3). Suppose -s*q - 624 = -2*q. Let u be q/54 - 4/18. Let j(f) = f**2 + 6*f + 4. Determine j(u).
4
Let q(j) be the second derivative of j**7/420 - j**6/360 - j**5/30 + j**4/8 - 7*j**3/6 - 9*j. Let r(t) be the second derivative of q(t). Give r(2).
7
Let b be (-1)/(-3) - 4/12. Suppose -4*g = -4 - b. Let x(c) = 12*c**3 - c + 1. Calculate x(g).
12
Let v(c) = 0*c - 2*c - 3 + 3*c - 2*c. What is v(-6)?
3
Suppose u = -l + 4, -4*l + 1 = 3*u - 2*u. Suppose 3*i + u = -0*a - a, -3*i = -5*a + 11. Let r(w) = -10*w**3 + 1. Calculate r(a).
-9
Let f(m) = 14*m**2 + 15*m - 9. Let l(s) = 5*s**2 + 5*s - 3. Let o(c) = -6*f(c) + 17*l(c). Suppose 10*n - 15*n = -15. What is o(n)?
-3
Let w(j) be the first derivative of j**3/3 - 3*j**2/2 - 4*j - 2. Suppose -2*g - 3*g - r = -18, 2*r = -2*g + 12. Determine w(g).
-4
Let c(o) = 0*o**3 - 4*o + 3*o - o**3. Let p = -1 - -2. Calculate c(p).
-2
Let n(y) be the third derivative of y**6/720 - y**4/6 - y**2. Let o(f) be the second derivative of n(f). What is o(-3)?
-3
Let j(f) = -f + 12. Let t be j(3). Let a(w) = w**2 - 10*w + 9. What is a(t)?
0
Let p = 11 - 6. Let n(y) = 6*y**3 + y**2 + 6*y + 1. Let i = -3 + 4. Let v(m) = -m**3 + m**2. Let f(j) = i*n(j) + p*v(j). Determine f(-5).
-4
Let y(r) be the first derivative of -r**4/4 - 2*r**3 - 5*r - 7. Let p be 84/(-15) + (-2)/5. What is y(p)?
-5
Let m(x) = -2*x**2 - x - 2. Let s(p) = 2*p**2 + 2. Let g(c) = -3*m(c) - 4*s(c). Determine g(4).
-22
Let q(t) = -t**2 + 5*t - 3. Let p be (-4)/18 - 2/(-9). Let o = p + 4. Calculate q(o).
1
Suppose 3*a - 5*a + 2 = 0, -5*g + 3*a + 12 = 0. Let p(h) = -h + 3. Let r be p(g). Let i(f) = f. Let j(s) = 3*s - 1. Let b(t) = 4*i(t) - j(t). Determine b(r).
1
Suppose -5*w + 1 + 5 = -2*b, -w - 8 = -5*b. Let a(c) = -c**2 + c + 2. Let d be a(0). Let q(m) = -2*m**2 + d - m**2 + 8*m - 6*m. Give q(b).
-6
Suppose 0 = 2*i - 4*o + 2*o - 8, -3*i - 3 = 2*o. Suppose m - 2*s = 12, 5*